s the highest common divisor of 644934 and 423?
141
What is the greatest common factor of 90 and 1673586?
18
Calculate the highest common factor of 93 and 35371.
31
What is the highest common factor of 38728 and 3090?
206
What is the greatest common factor of 3537 and 655?
131
Calculate the greatest common factor of 117660 and 4823.
53
Calculate the highest common divisor of 114131 and 61.
61
What is the greatest common factor of 10 and 26365?
5
What is the greatest common divisor of 87442 and 30?
2
Calculate the highest common divisor of 1137 and 300547.
379
Calculate the highest common divisor of 12 and 348.
12
What is the greatest common divisor of 435561 and 147?
147
Calculate the greatest common factor of 112895 and 670.
335
What is the greatest common divisor of 5288 and 5680634?
1322
What is the highest common divisor of 9610 and 2480?
310
Calculate the greatest common divisor of 19144 and 336.
8
Calculate the highest common divisor of 520 and 834184.
104
Calculate the highest common factor of 1673 and 2947.
7
What is the highest common factor of 44622 and 153?
9
Calculate the greatest common factor of 6 and 2437776.
6
What is the highest common factor of 1298660 and 165?
55
Calculate the highest common factor of 78 and 852826.
26
Calculate the highest common divisor of 3776 and 6077.
59
What is the greatest common divisor of 36 and 2798892?
36
Calculate the greatest common divisor of 2279186 and 6370.
1274
What is the highest common factor of 436198 and 14?
14
What is the greatest common divisor of 28 and 7804?
4
What is the greatest common factor of 1140 and 80655?
285
What is the highest common divisor of 8217 and 2445014?
913
What is the highest common divisor of 51200 and 3104?
32
Calculate the greatest common factor of 1672 and 33896.
152
What is the greatest common factor of 192608 and 104?
104
Calculate the greatest common factor of 32 and 20.
4
What is the greatest common factor of 1696 and 12832?
32
What is the greatest common divisor of 190013 and 973?
139
Calculate the greatest common divisor of 189261 and 18.
9
Calculate the highest common divisor of 77 and 1833601.
77
Calculate the highest common factor of 2197 and 4225.
169
What is the highest common factor of 2442 and 898249?
407
Calculate the highest common factor of 1320 and 1770.
30
What is the greatest common factor of 395800 and 56?
8
What is the highest common divisor of 123 and 10619?
41
Calculate the highest common factor of 52 and 79469.
13
What is the greatest common divisor of 23072 and 4144?
112
Calculate the greatest common divisor of 131950 and 16900.
650
Calculate the highest common factor of 98 and 648144.
14
What is the highest common divisor of 2432 and 433808?
304
Calculate the greatest common divisor of 754 and 13195.
377
Calculate the greatest common divisor of 653275 and 14.
7
What is the greatest common factor of 68960 and 160?
160
Calculate the greatest common divisor of 101808 and 4116.
84
Calculate the greatest common factor of 19512 and 124118.
542
Calculate the highest common factor of 168324 and 7968.
996
Calculate the highest common divisor of 44 and 37697.
11
What is the greatest common factor of 9750 and 139350?
150
Calculate the highest common factor of 31148 and 312.
52
Calculate the greatest common divisor of 466 and 1123526.
466
What is the greatest common divisor of 4048 and 9292?
92
Calculate the greatest common divisor of 528 and 64812.
132
Calculate the highest common divisor of 5 and 15.
5
Calculate the greatest common factor of 17025 and 25.
25
Calculate the highest common factor of 5538 and 3432.
78
What is the highest common factor of 2633631 and 2002?
1001
Calculate the greatest common divisor of 22 and 69619.
11
What is the greatest common divisor of 162871 and 601?
601
What is the greatest common divisor of 91 and 109928?
91
What is the highest common factor of 59761 and 78?
13
Calculate the greatest common factor of 66356 and 82632.
1252
Calculate the greatest common factor of 15136 and 160.
32
Calculate the highest common factor of 8 and 326.
2
What is the highest common divisor of 58971 and 132?
33
Calculate the highest common factor of 2235537 and 1251.
1251
What is the highest common divisor of 226 and 1060166?
226
What is the highest common factor of 108 and 1371024?
36
Calculate the greatest common divisor of 7600 and 836.
76
Calculate the highest common factor of 120768 and 1184.
1184
What is the greatest common divisor of 50 and 1403740?
10
What is the greatest common divisor of 745 and 57067?
149
Calculate the greatest common divisor of 2022514 and 428.
214
What is the greatest common factor of 6648 and 474?
6
What is the greatest common factor of 169 and 871?
13
What is the greatest common factor of 6201 and 416?
13
Calculate the highest common factor of 166 and 5317229.
83
Calculate the highest common divisor of 21 and 725403.
21
What is the highest common factor of 5571 and 396?
9
What is the greatest common factor of 102544 and 480?
16
Calculate the highest common factor of 105 and 54978.
21
What is the highest common divisor of 4995 and 25?
5
What is the highest common divisor of 132209 and 63?
7
What is the greatest common divisor of 408534 and 548?
274
Calculate the greatest common factor of 7 and 3583111.
7
Calculate the highest common factor of 1818246 and 402.
402
Calculate the greatest common divisor of 1389406 and 5274.
586
Calculate the highest common divisor of 8854 and 2033.
19
What is the highest common factor of 28665 and 9?
9
What is the highest common divisor of 105 and 116620?
35
What is the highest common divisor of 12374 and 7544?
46
What is the highest common divisor of 72 and 297360?
72
What is the greatest common factor of 601987 and 187?
17
Calculate the greatest common divisor of 174 and 7874486.
58
What is the highest common divisor of 4935 and 1302?
21
What is the highest common factor of 20934 and 30?
6
Calculate the highest common divisor of 7250 and 302760.
290
What is the greatest common factor of 149898 and 73787?
581
Calculate the greatest common divisor of 23377 and 194.
97
What is the greatest common divisor of 669 and 149187?
669
Calculate the greatest common divisor of 258750 and 1575.
225
What is the highest common factor of 1080562 and 1106?
1106
What is the highest common divisor of 498 and 2598?
6
Calculate the greatest common factor of 446 and 665878.
446
Calculate the greatest common divisor of 150006 and 92.
46
Calculate the highest common divisor of 696683 and 13.
13
Calculate the greatest common divisor of 37866 and 24.
6
What is the highest common factor of 2496758 and 176?
22
What is the highest common factor of 114960 and 120?
120
Calculate the highest common divisor of 8088 and 118287.
1011
What is the greatest common divisor of 226193 and 22?
11
What is the highest common divisor of 11026 and 1490?
298
Calculate the greatest common factor of 97856 and 92928.
704
What is the highest common divisor of 2475 and 1899675?
225
What is the greatest common factor of 256720 and 3920?
80
What is the highest common divisor of 672 and 540?
12
Calculate the greatest common factor of 1708 and 5138.
14
Calculate the greatest common divisor of 18 and 1527318.
18
What is the greatest common factor of 11 and 282524?
11
Calculate the greatest common factor of 8073 and 6453.
27
What is the highest common factor of 520584 and 1990?
398
Calculate the highest common divisor of 2726 and 12784.
94
Calculate the greatest common divisor of 3878 and 156782.
554
Calculate the greatest common factor of 60 and 36228.
12
Calculate the greatest common factor of 14 and 366618.
14
What is the highest common factor of 36555 and 15?
15
What is the greatest common factor of 1390 and 110?
10
Calculate the highest common divisor of 1070 and 23005.
535
What is the greatest common divisor of 13706 and 693?
77
What is the highest common factor of 143298 and 38?
38
Calculate the highest common divisor of 147 and 994161.
147
What is the greatest common factor of 1265446 and 364?
182
Calculate the greatest common divisor of 125 and 2525.
25
What is the greatest common factor of 236500 and 63382?
946
What is the highest common factor of 2040 and 2238?
6
Calculate the highest common factor of 10500 and 57